{"id":4800,"date":"2023-08-21T17:21:44","date_gmt":"2023-08-21T17:21:44","guid":{"rendered":"https:\/\/laurafinocchiaro.com.br\/site\/?page_id=4800"},"modified":"2024-11-04T23:31:08","modified_gmt":"2024-11-04T23:31:08","slug":"release-mulher-de-purpura","status":"publish","type":"page","link":"https:\/\/laurafinocchiaro.com.br\/site\/release-mulher-de-purpura\/","title":{"rendered":"Release &#8220;Mulher de p\u00farpura&#8221;"},"content":{"rendered":"<div class=\"vce-row-container\"><div class=\"vce-row vce-row--col-gap-30 vce-row-equal-height vce-row-content--top\" data-vce-full-width=\"true\" id=\"el-39550c5a\" data-vce-do-apply=\"all el-39550c5a\"><div class=\"vce-content-background-container\"><\/div><div class=\"vce-row-content\" data-vce-element-content=\"true\"><div class=\"vce-col vce-col--md-auto vce-col--xs-1 vce-col--xs-last vce-col--xs-first vce-col--sm-last vce-col--sm-first vce-col--md-last vce-col--lg-last vce-col--xl-last vce-col--md-first vce-col--lg-first vce-col--xl-first\" id=\"el-50f5b5e9\"><div class=\"vce-col-inner\" data-vce-do-apply=\"border margin background  el-50f5b5e9\"><div class=\"vce-content-background-container\"><\/div><div class=\"vce-col-content\" data-vce-element-content=\"true\" data-vce-do-apply=\"padding el-50f5b5e9\"><div class=\"vce-single-image-container vce-single-image--align-left\"><div class=\"vce vce-single-image-wrapper\" id=\"el-c363bfe0\" data-vce-do-apply=\"all el-c363bfe0\"><figure><div class=\"vce-single-image-figure-inner\" style=\"width: 1024px;\"><div class=\"vce-single-image-inner vce-single-image--absolute\" style=\"width: 100%; padding-bottom: 37.9883%;\"><img fetchpriority=\"high\" decoding=\"async\" class=\"vce-single-image\"  width=\"1024\" height=\"389\" srcset=\"https:\/\/laurafinocchiaro.com.br\/site\/wp-content\/uploads\/2023\/08\/LauraFinocchiaro_MPurpura_CAPA-FACE-1_by_ValderValeirao_Ago.23-1024x389.jpg 1024w, https:\/\/laurafinocchiaro.com.br\/site\/wp-content\/uploads\/2023\/08\/LauraFinocchiaro_MPurpura_CAPA-FACE-1_by_ValderValeirao_Ago.23-320x122.jpg 320w, https:\/\/laurafinocchiaro.com.br\/site\/wp-content\/uploads\/2023\/08\/LauraFinocchiaro_MPurpura_CAPA-FACE-1_by_ValderValeirao_Ago.23-480x182.jpg 480w, https:\/\/laurafinocchiaro.com.br\/site\/wp-content\/uploads\/2023\/08\/LauraFinocchiaro_MPurpura_CAPA-FACE-1_by_ValderValeirao_Ago.23-800x304.jpg 800w\" src=\"https:\/\/laurafinocchiaro.com.br\/site\/wp-content\/uploads\/2023\/08\/LauraFinocchiaro_MPurpura_CAPA-FACE-1_by_ValderValeirao_Ago.23-1024x389.jpg\" data-img-src=\"https:\/\/laurafinocchiaro.com.br\/site\/wp-content\/uploads\/2023\/08\/LauraFinocchiaro_MPurpura_CAPA-FACE-1_by_ValderValeirao_Ago.23.jpg\" data-attachment-id=\"4802\"  alt=\"\" title=\"LauraFinocchiaro_MPurpura_CAPA FACE 1_by_ValderValeirao_Ago.23\" \/><\/div><\/div><figcaption hidden=\"\"><\/figcaption><\/figure><\/div><\/div><\/div><\/div><\/div><\/div><\/div><\/div><div class=\"vce-row-container\"><div class=\"vce-row vce-row--col-gap-30 vce-row-equal-height vce-row-content--top\" data-vce-full-width=\"true\" id=\"el-357c33a9\" data-vce-do-apply=\"all el-357c33a9\"><div class=\"vce-row-content\" data-vce-element-content=\"true\"><div class=\"vce-col vce-col--md-94p vce-col--xs-1 vce-col--xs-last vce-col--xs-first vce-col--sm-last vce-col--sm-first vce-col--md-first vce-col--lg-first vce-col--xl-first\" id=\"el-a9a80922\"><div class=\"vce-col-inner\" data-vce-do-apply=\"border margin background  el-a9a80922\"><div class=\"vce-col-content\" data-vce-element-content=\"true\" data-vce-do-apply=\"padding el-a9a80922\"><div class=\"vce-text-block\"><div class=\"vce-text-block-wrapper vce\" id=\"el-98f7acd0\" data-vce-do-apply=\"all el-98f7acd0\"><div><!-- Enter your scripts here --><noscript><style>.vce-row-container .vcv-lozad {display: none}<\/style><\/noscript><\/div>\n<p><\/p>\n<div>\n<p><strong><span style=\"font-size: 16px;\">LAURA FINOCCHIARO LAN\u00c7A \u201cMULHER DE P\u00daRPURA\u201d<br><em>O single chega \u00e0s plataformas digitais no primeiro dia de setembro<br>&nbsp;<\/em><br><a href=\"https:\/\/laurafinocchiaro.com.br\/site\/wp-content\/uploads\/2023\/08\/Mulher-de-Purpura_Release-Single_17Ago.23.pdf\" class=\"pdfemb-viewer\" style=\"\" data-width=\"max\" data-height=\"max\" data-toolbar=\"bottom\" data-toolbar-fixed=\"off\">Mulher de Purpura_Release-Single_17Ago.23<\/a><\/span><\/strong><\/p>\n<p><span style=\"font-size: 16px;\"><em>&nbsp;<\/em><\/span><\/p>\n<p>MULHER DE P\u00daRPURA<\/p>\n<p><span style=\"font-size: 16px;\"><em>M\u00fasica: Laura Finocchiaro<br><\/em><\/span><span style=\"font-size: 16px;\"><em>Letra: Ricardo Finocchiaro&nbsp;<\/em><\/span><\/p>\n<p><span style=\"font-size: 16px;\"><em>&nbsp;<\/em><\/span><\/p>\n<p><span style=\"font-size: 16px;\"><em>Sombra de mim essa cicatriz<\/em><\/span><\/p>\n<p><span style=\"font-size: 16px;\"><em>Sol do meu vir nesse porto feliz<\/em><\/span><\/p>\n<p><span style=\"font-size: 16px;\"><em>Ver essa voz, escutar esse rosto<\/em><\/span><\/p>\n<p><span style=\"font-size: 16px;\"><em>Quando foi mesmo a \u00faltima vez que eu senti?<\/em><\/span><\/p>\n<p><span style=\"font-size: 16px;\"><em>Minha libra, minha balan\u00e7a<\/em><\/span><\/p>\n<p><span style=\"font-size: 16px;\"><em>Nem tu soube o equil\u00edbrio que me trouxe<\/em><\/span><\/p>\n<p><span style=\"font-size: 16px;\"><em>F\u00faria branda, paz intensa<\/em><\/span><\/p>\n<p><span style=\"font-size: 16px;\"><em>\u00c9 constante pra mim, pensar no que voc\u00ea pensa<\/em><\/span><\/p>\n<p><span style=\"font-size: 16px;\"><em>\u2026 no que voc\u00ea pensa\u2026&nbsp;<\/em><\/span><\/p>\n<p><span style=\"font-size: 16px;\"><em>penso no que voc\u00ea pensa\u2026<\/em><\/span><\/p>\n<p><span style=\"font-size: 16px;\"><em>E essa for\u00e7a veio de ti independente, brilhante,<\/em><\/span><\/p>\n<p><span style=\"font-size: 16px;\"><em>Nunca houve medo antes<\/em><\/span><\/p>\n<p><span style=\"font-size: 16px;\"><em>Corajosa, poderosa, mulher de p\u00farpura<\/em><\/span><\/p>\n<p><span style=\"font-size: 16px;\"><em>Mas com ares cor de rosa<\/em><\/span><\/p>\n<p><span style=\"font-size: 16px;\"><em>Minha libra, meu pesar<\/em><\/span><\/p>\n<p><span style=\"font-size: 16px;\"><em>E onde foi mesmo que gostaria de estar?&nbsp; &nbsp; &nbsp; &nbsp; &nbsp; &nbsp; &nbsp; &nbsp; &nbsp; &nbsp; &nbsp; &nbsp; &nbsp; &nbsp; &nbsp; &nbsp; &nbsp; &nbsp; &nbsp; &nbsp; &nbsp; &nbsp; &nbsp; &nbsp; &nbsp; &nbsp; &nbsp; &nbsp; &nbsp; &nbsp; &nbsp; &nbsp; &nbsp; &nbsp; &nbsp; &nbsp; &nbsp; &nbsp;&nbsp;<\/em><\/span><\/p>\n<p><span style=\"font-size: 16px;\"><em>Ao meu lado, como nunca esteve<\/em><\/span><\/p>\n<p><span style=\"font-size: 16px;\"><em>Mas sempre senti e \u00e9 assim que deve ser<\/em><\/span><\/p>\n<p><span style=\"font-size: 16px;\"><em>Luz de mim, essa raiz&nbsp;<\/em><\/span><\/p>\n<p><span style=\"font-size: 16px;\"><em>Sinto de ti o que deveria vir<\/em><\/span><\/p>\n<p><span style=\"font-size: 16px;\"><em>E voc\u00ea est\u00e1 aqui, diferente de quando esteve<\/em><\/span><\/p>\n<p><span style=\"font-size: 16px;\"><em>Haja naturalmente\u2026&nbsp;<\/em><\/span><\/p>\n<p><span style=\"font-size: 16px;\"><em>n\u00e3o chore agora\u2026n\u00e3o\u2026<\/em><\/span><\/p>\n<p><span style=\"font-size: 16px;\"><em>E essa for\u00e7a veio de ti independente, brilhante,<\/em><\/span><\/p>\n<p><span style=\"font-size: 16px;\"><em>Nunca houve medo antes<\/em><\/span><\/p>\n<p><span style=\"font-size: 16px;\"><em>Corajosa, poderosa, mulher de p\u00farpura<\/em><\/span><\/p>\n<p><span style=\"font-size: 16px;\"><em>Mas com ares cor de rosa<\/em><\/span><\/p>\n<p><\/p>\n<p><span style=\"font-size: 16px;\"><em>FICHA T\u00c9CNICA<\/em><\/span><\/p>\n<p><em style=\"font-size: 16px;\">MULHER DE P\u00daRPURA (single)<\/em><\/p>\n<p><span style=\"font-size: 16px;\"><em>Composi\u00e7\u00e3o: Laura Finocchiaro e Ricardo Finocchiaro<br><\/em><\/span><span style=\"font-size: 16px;\"><em>Locu\u00e7\u00e3o: Deborah Finocchiaro<br><\/em><\/span><span style=\"font-size: 16px;\"><em>Bateria: Ricardo Pinoti<br><\/em><\/span><span style=\"font-size: 16px;\"><em>Baixo e guitarra solo: Gilberto Oliveira<br><\/em><\/span><span style=\"font-size: 16px;\"><em>Arranjo e produ\u00e7\u00e3o musical, voz, guitarra base, synths e grooves: Laura Finocchiaro<br><\/em><\/span><span style=\"font-size: 16px;\"><em>Mixagem e masteriza\u00e7\u00e3o: Alex Angeloni<br><\/em><\/span><span style=\"font-size: 16px;\"><em>Fotografia: Fernanda Chemale<br><\/em><\/span><span style=\"font-size: 16px;\"><em>Arte: Valder Valeir\u00e3o<br><\/em><\/span><span style=\"font-size: 16px;\"><em>Release: Carla Paes Leme<br><\/em><\/span><span style=\"font-size: 16px;\"><em>Assessoria de imprensa: Sheila Gomes<\/em><\/span><span style=\"font-size: 16px;\"><em>&nbsp; &nbsp; &nbsp; &nbsp; &nbsp; &nbsp; &nbsp; &nbsp; &nbsp; &nbsp; &nbsp; &nbsp; &nbsp; &nbsp; &nbsp; &nbsp; &nbsp; &nbsp; &nbsp; &nbsp; &nbsp; &nbsp; &nbsp; &nbsp; &nbsp; &nbsp;&nbsp;<\/em><\/span><\/p>\n<p><span style=\"font-size: 16px;\"><em>Links:&nbsp;<\/em><\/span><\/p>\n<p><span style=\"font-size: 16px;\"><em><a href=\"https:\/\/linktr.ee\/laurafinocchiaro_\">https:\/\/linktr.ee\/laurafinocchiaro_<\/a>&nbsp;&nbsp;<\/em><\/span><\/p>\n<p><span style=\"font-size: 16px;\"><em>Site Oficial:&nbsp; &nbsp; &nbsp; &nbsp; &nbsp; &nbsp; &nbsp; &nbsp; &nbsp; &nbsp; &nbsp; &nbsp; &nbsp; &nbsp; &nbsp; &nbsp;&nbsp;<\/em><\/span><\/p>\n<p><a href=\"https:\/\/laurafinocchiaro.com.br\/\"><span style=\"font-size: 16px;\"><em>www.laurafinocchiaro.com.br<\/em><\/span><\/a><\/p>\n<p><span style=\"font-size: 16px;\"><em>Selo: Sorte Produ\u00e7\u00f5es&nbsp;&nbsp;<\/em><\/span><\/p>\n<p><span style=\"font-size: 16px;\"><em>Distribui\u00e7\u00e3o: Tratore<\/em><\/span><span style=\"font-size: 16px;\"><em>&nbsp;<\/em><\/span><\/p>\n<p><span style=\"font-size: 16px;\"><em>Realiza\u00e7\u00e3o: Sorte Produ\u00e7\u00f5es&nbsp;&nbsp;<\/em><\/span><\/p>\n<p><\/p>\n<\/div>\n<div><!-- Enter your scripts here --><\/div><\/div><\/div><\/div><\/div><\/div><div class=\"vce-col vce-col--md-6p vce-col--xs-1 vce-col--xs-last vce-col--xs-first vce-col--sm-last vce-col--sm-first vce-col--md-last vce-col--lg-last vce-col--xl-last\" id=\"el-d955bf30\"><div class=\"vce-col-inner\" data-vce-do-apply=\"border margin background  el-d955bf30\"><div class=\"vce-col-content\" data-vce-element-content=\"true\" data-vce-do-apply=\"padding el-d955bf30\"><div><\/div><\/div><\/div><\/div><\/div><\/div><\/div><div class=\"vce-row-container\" data-vce-boxed-width=\"true\"><div class=\"vce-row vce-row--col-gap-30 vce-row-equal-height vce-row-content--top\" id=\"el-18cb1a30\" data-vce-do-apply=\"all el-18cb1a30\"><div class=\"vce-row-content\" data-vce-element-content=\"true\"><div class=\"vce-col vce-col--md-auto vce-col--xs-1 vce-col--xs-last vce-col--xs-first vce-col--sm-last vce-col--sm-first vce-col--md-first vce-col--lg-first vce-col--xl-first\" id=\"el-7420a0de\"><div class=\"vce-col-inner\" data-vce-do-apply=\"border margin background  el-7420a0de\"><div class=\"vce-col-content\" data-vce-element-content=\"true\" data-vce-do-apply=\"padding el-7420a0de\"><div><\/div><\/div><\/div><\/div><div class=\"vce-col vce-col--md-auto vce-col--xs-1 vce-col--xs-last vce-col--xs-first vce-col--sm-last vce-col--sm-first\" id=\"el-d8e0e6b5\"><div class=\"vce-col-inner\" data-vce-do-apply=\"border margin background  el-d8e0e6b5\"><div class=\"vce-col-content\" data-vce-element-content=\"true\" data-vce-do-apply=\"padding el-d8e0e6b5\"><div><\/div><\/div><\/div><\/div><div class=\"vce-col vce-col--md-auto vce-col--xs-1 vce-col--xs-last vce-col--xs-first vce-col--sm-last vce-col--sm-first vce-col--md-last vce-col--lg-last vce-col--xl-last\" id=\"el-723f7038\"><div class=\"vce-col-inner\" data-vce-do-apply=\"border margin background  el-723f7038\"><div class=\"vce-col-content\" data-vce-element-content=\"true\" data-vce-do-apply=\"padding el-723f7038\"><div><\/div><\/div><\/div><\/div><\/div><\/div><\/div><p><\/p>","protected":false},"excerpt":{"rendered":"<p>LAURA FINOCCHIARO LAN\u00c7A \u201cMULHER DE P\u00daRPURA\u201dO single chega \u00e0s plataformas digitais no primeiro dia de setembro&nbsp; &nbsp; MULHER DE P\u00daRPURA M\u00fasica: Laura FinocchiaroLetra: Ricardo Finocchiaro&nbsp; &nbsp; Sombra de mim essa cicatriz Sol do meu vir nesse porto feliz Ver essa voz, escutar esse rosto Quando foi mesmo a \u00faltima vez [&hellip;]<\/p>\n","protected":false},"author":6,"featured_media":0,"parent":0,"menu_order":0,"comment_status":"closed","ping_status":"closed","template":"","meta":{"footnotes":""},"class_list":["post-4800","page","type-page","status-publish","hentry"],"_links":{"self":[{"href":"https:\/\/laurafinocchiaro.com.br\/site\/wp-json\/wp\/v2\/pages\/4800","targetHints":{"allow":["GET"]}}],"collection":[{"href":"https:\/\/laurafinocchiaro.com.br\/site\/wp-json\/wp\/v2\/pages"}],"about":[{"href":"https:\/\/laurafinocchiaro.com.br\/site\/wp-json\/wp\/v2\/types\/page"}],"author":[{"embeddable":true,"href":"https:\/\/laurafinocchiaro.com.br\/site\/wp-json\/wp\/v2\/users\/6"}],"replies":[{"embeddable":true,"href":"https:\/\/laurafinocchiaro.com.br\/site\/wp-json\/wp\/v2\/comments?post=4800"}],"version-history":[{"count":7,"href":"https:\/\/laurafinocchiaro.com.br\/site\/wp-json\/wp\/v2\/pages\/4800\/revisions"}],"predecessor-version":[{"id":4865,"href":"https:\/\/laurafinocchiaro.com.br\/site\/wp-json\/wp\/v2\/pages\/4800\/revisions\/4865"}],"wp:attachment":[{"href":"https:\/\/laurafinocchiaro.com.br\/site\/wp-json\/wp\/v2\/media?parent=4800"}],"curies":[{"name":"wp","href":"https:\/\/api.w.org\/{rel}","templated":true}]}}