{"id":4338,"date":"2021-08-04T19:07:21","date_gmt":"2021-08-04T19:07:21","guid":{"rendered":"http:\/\/laurafinocchiaro.com.br\/site\/?page_id=4338"},"modified":"2021-08-04T19:37:54","modified_gmt":"2021-08-04T19:37:54","slug":"virus","status":"publish","type":"page","link":"https:\/\/laurafinocchiaro.com.br\/site\/virus\/","title":{"rendered":"V\u00edrus"},"content":{"rendered":"<div class=\"vce-row-container\"><div class=\"vce-row vce-row--col-gap-30 vce-row-content--top vcv-state--show-resizer\" data-vce-full-width=\"true\" id=\"el-5e0b5acd\" data-vce-do-apply=\"all el-5e0b5acd\"><div class=\"vce-content-background-container\"><\/div><div class=\"vce-row-content\" data-vce-element-content=\"true\"><div class=\"vce-col vce-col--md-100p vce-col--xs-1 vce-col--xs-last vce-col--xs-first vce-col--sm-last vce-col--sm-first vce-col--md-last vce-col--lg-last vce-col--xl-last vce-col--md-first vce-col--lg-first vce-col--xl-first\" id=\"el-38562e7e\"><div class=\"vce-col-inner\" data-vce-do-apply=\"border margin background  el-38562e7e\"><div class=\"vce-content-background-container\"><\/div><div class=\"vce-col-content\" data-vce-element-content=\"true\" data-vce-do-apply=\"padding el-38562e7e\"><div class=\"vce-yt-video-player vce-yt-video-player--align-center vce-yt-video-player--size-853x480\"><div class=\"vce vce-yt-video-player-wrapper\" id=\"el-b2b17d44\" style=\"width: 853px;\" data-vce-do-apply=\"all el-b2b17d44\"><div class=\"vce-yt-video-player-inner\"><iframe class=\"vce-yt-video-player-iframe\" src=\"https:\/\/www.youtube.com\/embed\/mTT_OvGkllA?autoplay=0&amp;mute=0&amp;color=red&amp;controls=1&amp;loop=0&amp;rel=0&amp;start=0&amp;cc_load_policy=0&amp;iv_load_policy=3\" allowfullscreen=\"\" width=\"640\" height=\"390\"><\/iframe><\/div><\/div><\/div><div class=\"vce-text-block\"><div class=\"vce-text-block-wrapper vce\" id=\"el-cf23561f\" data-vce-do-apply=\"all el-cf23561f\"><p><span dir=\"auto\" class=\"style-scope yt-formatted-string\"><span style=\"font-size: 24pt;\">PARA O V\u00cdRUS, VACINA NO BRA\u00c7O PARA A LUTA, ROCK\u2019N\u2019ROLL NA VEIA V\u00cdRUS? O DA INDIGNA\u00c7\u00c3O<\/span> <\/span><\/p><p><span dir=\"auto\" class=\"style-scope yt-formatted-string\">V\u00edrus. Coronav\u00edrus. Doen\u00e7a. Mais de meio milh\u00e3o de mortes. Sequelas. Fake News. Dor. Vacina\u00e7\u00e3o avan\u00e7ando lentamente. Variantes se propagando rapidamente. CPI, corrup\u00e7\u00e3o. Aglomera\u00e7\u00f5es. Festas clandestinas. Gente sem m\u00e1scara. Transporte p\u00fablico lotado. Indiferen\u00e7a. Genocida. Indigna\u00e7\u00e3o. <\/span><\/p><p><span dir=\"auto\" class=\"style-scope yt-formatted-string\">Foi essa indigna\u00e7\u00e3o que inspirou Laura Finocchiaro a compor, ainda em 2020, \u201cV\u00edrus\u201d. A ideia surgiu como uma necessidade de expressar sua revolta com a situa\u00e7\u00e3o que estamos vivendo e tentar tirar as pessoas do torpor e motiv\u00e1-las a agir. Nada melhor do que um rock aut\u00eantico, cheio de atitude, para sacudir o conformismo, o negacionismo, o individualismo. <\/span><\/p><p><span dir=\"auto\" class=\"style-scope yt-formatted-string\">Laura, ent\u00e3o, encomendou uma letra ao amigo e jornalista Jo\u00e3o Luiz Vieira, que seguiu a vibe da cantora e compositora. Assim, surgiu \u201cV\u00edrus\u201d. V\u00edrus este que ela teve de driblar para conseguir gravar a can\u00e7\u00e3o, uma das faixas do \u00e1lbum \u201cOxig\u00eanio\u201d, a ser lan\u00e7ado neste segundo semestre com m\u00fasicas compostas durante a pandemia e apenas uma regrava\u00e7\u00e3o: a de \u201cHino \u00e0 diversidade\u201d, relan\u00e7ado com nova roupagem em junho, m\u00eas da Diversidade LGBTQIA+. <\/span><\/p><p><span dir=\"auto\" class=\"style-scope yt-formatted-string\">O single \u201cV\u00edrus\u201d foi lan\u00e7ado no dia&nbsp; 30 de julho, e est\u00e1 dispon\u00edvel nas plataformas de streaming, assim como grande parte da obra da artista que, em 2022, comemora 40 anos de carreira independente. Independente de modas e modismos. Independente das prefer\u00eancias do mercado. Independente em suas verdades e ideais. <\/span><\/p><p><span dir=\"auto\" class=\"style-scope yt-formatted-string\">Laura Finocchiaro gravou todos os instrumentos presentes na faixa, al\u00e9m de ter produzido tudo. Na parte do groove, teve o aux\u00edlio luxuoso do percussionista e baterista Jo\u00e3o Parahyba (que tocou com Trio Mocot\u00f3 e Suba). A mixagem foi feita por ela e pelo t\u00e9cnico Francisco Patr\u00edcio, no Rio de Janeiro; e a masteriza\u00e7\u00e3o, por Carlos Freitas, da Classic Master, empresa sediada em Miami, Estados Unidos. <\/span><\/p><p><span dir=\"auto\" class=\"style-scope yt-formatted-string\">Cantora, compositora, produtora, arranjadora, musicista e arte-educadora, Laura Finocchiaro \u00e9 uma artista de seu tempo, sintonizada com as quest\u00f5es urgentes da nossa sociedade doente \u2013 n\u00e3o s\u00f3 contaminada pelo novo coronav\u00edrus, mas por preconceitos, corrup\u00e7\u00e3o, ego\u00edsmo, viol\u00eancia, desmatamentos, inc\u00eandios, genoc\u00eddio. Por isso, o trabalho da artista n\u00e3o poderia passar distante de tantas urg\u00eancias. Este \u201cV\u00edrus\u201d de Laura Finocchiaro n\u00e3o mata, alerta. Alerta por meio de entendimento, conhecimento, ci\u00eancia, pensar coletivo, solidariedade, preserva\u00e7\u00e3o, sustentabilidade. \u201cV\u00ecrus\u201d \u00e9 dor, \u00e9 grito, \u00e9 chamada, \u00e9 alerta.<\/span><\/p><p><span style=\"font-size: 24pt;\">Ficha t\u00e9cnica:<\/span><\/p><p>Composi\u00e7\u00e3o, Arranjo, Voz, Guitarras, Programa\u00e7\u00e3o e Produ\u00e7\u00e3o Musical: Laura Finocchiaro<br>Letra: Jo\u00e3o Luiz Vieira e Laura Finocchiaro<br>Participa\u00e7\u00e3o Especial: Jo\u00e3o Parahyba (Beats, Samples e Grooves Eletr\u00f4nicos)<br>Mixagem: Francisco Patr\u00edcio<br>Masteriza\u00e7\u00e3o:<br>Carlos Freitas \/ Classic Master<br>V\u00edrus (Videoclipe):<br>Cria\u00e7\u00e3o, Montagem e Finaliza\u00e7\u00e3o: Teo Ponciano<br>Imagens no cromaqui: Laura Finocchiaro<br>Edi\u00e7\u00e3o de Cromaqui: Rafael Andrade Carvalho<\/p><p><span dir=\"auto\" class=\"style-scope yt-formatted-string\">Confira a letra: <\/span><\/p><p><span dir=\"auto\" class=\"style-scope yt-formatted-string\"><span style=\"font-size: 24pt;\">V\u00cdRUS (Laura Finocchiaro e Jo\u00e3o Luiz Vieira)<\/span> <\/span><\/p><p><span dir=\"auto\" class=\"style-scope yt-formatted-string\">Voc\u00ea chegou, a gente sabe, eu sei Fazendo barulho, pra nos perturbar Deveria nem ter vindo, at\u00e9 pensei Entrou, n\u00e3o teve jeito, s\u00f3 fez matar S\u00f3 fez matar<\/span><\/p><p><span dir=\"auto\" class=\"style-scope yt-formatted-string\">Entrou, n\u00e3o teve jeito, s\u00f3 fez matar Quero te mandar pra l\u00e1 Quero que voc\u00ea se mova Quero te mandar calar Quero que voc\u00ea se exploda S\u00f3 fez matar<\/span><\/p><p><span dir=\"auto\" class=\"style-scope yt-formatted-string\">Entrou, n\u00e3o teve jeito, s\u00f3 fez matar N\u00e3o sabe se comportar, \u00e9 grosseiro N\u00e3o tem compaix\u00e3o, \u00e9 covarde N\u00e3o cria sintonia, \u00e9 grileiro<\/span><\/p><p><span dir=\"auto\" class=\"style-scope yt-formatted-string\">N\u00e3o desinflama, veneno que arde S\u00f3 fez matar<\/span><\/p><p><span dir=\"auto\" class=\"style-scope yt-formatted-string\">Entrou, n\u00e3o teve jeito, s\u00f3 fez matar Quero te mandar pra l\u00e1 Quero que voc\u00ea se mova Quero te mandar calar Quero que voc\u00ea se exploda Infame, mesquinho, miser\u00e1vel Nojento, odioso, pat\u00e9tico Como v\u00edrus, penetrou em mim<\/span><\/p><p><span dir=\"auto\" class=\"style-scope yt-formatted-string\">Minha vacina \u00e9 meu desprezoVoc\u00ea vai se implodir antes do fim<\/span><\/p><p><span dir=\"auto\" class=\"style-scope yt-formatted-string\">Das cordas do meu peito, o meu desejo Asqueroso, canalha, desumano <\/span><\/p><p><span dir=\"auto\" class=\"style-scope yt-formatted-string\">Lock lock lock lockdown Lock lock lock lockdown <\/span><\/p><p><span dir=\"auto\" class=\"style-scope yt-formatted-string\">Escroto, indigno, indecoroso <\/span><\/p><p><span dir=\"auto\" class=\"style-scope yt-formatted-string\">Quero te mandar pra l\u00e1,,, <\/span><\/p><p><span dir=\"auto\" class=\"style-scope yt-formatted-string\">Patife!<\/span><\/p><p><span dir=\"auto\" class=\"style-scope yt-formatted-string\">Quero que voc\u00ea se mova,,, <\/span><\/p><p><span dir=\"auto\" class=\"style-scope yt-formatted-string\">Sem vergonha! Quero te mandar calar... Vil!<\/span><\/p><p><span dir=\"auto\" class=\"style-scope yt-formatted-string\">Quero que voc\u00ea se exploda... V\u00edrus do Brasil! <\/span><\/p><h3><\/h3><\/div><\/div><\/div><\/div><\/div><\/div><\/div><\/div><div class=\"vce-row-container\" data-vce-boxed-width=\"true\"><div class=\"vce-row vce-row--col-gap-30 vce-row-content--top\" id=\"el-f25d7fc0\" data-vce-do-apply=\"all el-f25d7fc0\"><div class=\"vce-row-content\" data-vce-element-content=\"true\"><div class=\"vce-col vce-col--md-100p vce-col--xs-1 vce-col--xs-last vce-col--xs-first vce-col--sm-last vce-col--sm-first vce-col--md-last vce-col--lg-last vce-col--xl-last vce-col--md-first vce-col--lg-first vce-col--xl-first\" id=\"el-307edc8d\"><div class=\"vce-col-inner\" data-vce-do-apply=\"border margin background  el-307edc8d\"><div class=\"vce-col-content\" data-vce-element-content=\"true\" data-vce-do-apply=\"padding el-307edc8d\"><div class=\"vce vce-separator-container vce-separator--align-center vce-separator--style-solid\" id=\"el-b03ac2f0\" data-vce-do-apply=\"margin el-b03ac2f0\"><div class=\"vce-separator vce-separator--color-bfc0c1 vce-separator--width-100 vce-separator--thickness-1\" data-vce-do-apply=\"border padding background  el-b03ac2f0\"><\/div><\/div><\/div><\/div><\/div><\/div><\/div><\/div><div class=\"vce-row-container\" data-vce-boxed-width=\"true\"><div class=\"vce-row vce-row--col-gap-30 vce-row-content--top\" id=\"el-003ba51d\" data-vce-do-apply=\"all el-003ba51d\"><div class=\"vce-row-content\" data-vce-element-content=\"true\"><div class=\"vce-col vce-col--md-100p vce-col--xs-1 vce-col--xs-last vce-col--xs-first vce-col--sm-last vce-col--sm-first vce-col--md-last vce-col--lg-last vce-col--xl-last vce-col--md-first vce-col--lg-first vce-col--xl-first\" id=\"el-7d5ce7b3\"><div class=\"vce-col-inner\" data-vce-do-apply=\"border margin background  el-7d5ce7b3\"><div class=\"vce-col-content\" data-vce-element-content=\"true\" data-vce-do-apply=\"padding el-7d5ce7b3\"><div class=\"vce-text-block\"><div class=\"vce-text-block-wrapper vce\" id=\"el-60af15fc\" data-vce-do-apply=\"all el-60af15fc\"><strong>Ou\u00e7a tamb\u00e9m em:<\/strong><\/div><\/div><\/div><\/div><\/div><\/div><\/div><\/div><div class=\"vce-row-container\"><div class=\"vce-row vce-row--col-gap-30 vce-row-equal-height vce-row-content--top\" data-vce-full-width=\"true\" id=\"el-f78aa36d\" data-vce-do-apply=\"all el-f78aa36d\"><div class=\"vce-content-background-container\"><\/div><div class=\"vce-row-content\" data-vce-element-content=\"true\"><div class=\"vce-col vce-col--md-auto vce-col--xs-1 vce-col--xs-last vce-col--xs-first vce-col--sm-last vce-col--sm-first vce-col--md-last vce-col--lg-last vce-col--xl-last vce-col--md-first vce-col--lg-first vce-col--xl-first\" id=\"el-35091094\"><div class=\"vce-col-inner\" data-vce-do-apply=\"border margin background  el-35091094\"><div class=\"vce-col-content\" data-vce-element-content=\"true\" data-vce-do-apply=\"padding el-35091094\"><div class=\"vce-row-container\"><div class=\"vce-row vce-row--col-gap-30 vce-row-equal-height vce-row-content--top\" data-vce-full-width=\"true\" id=\"el-5a79cf26\" data-vce-do-apply=\"all el-5a79cf26\"><div class=\"vce-content-background-container\"><\/div><div class=\"vce-row-content\" data-vce-element-content=\"true\"><div class=\"vce-col vce-col--md-auto vce-col--xs-1 vce-col--xs-last vce-col--xs-first vce-col--sm-last vce-col--sm-first vce-col--md-last vce-col--lg-last vce-col--xl-last vce-col--md-first vce-col--lg-first vce-col--xl-first\" id=\"el-d61c76ac\"><div class=\"vce-col-inner\" data-vce-do-apply=\"border margin background  el-d61c76ac\"><div class=\"vce-col-content\" data-vce-element-content=\"true\" data-vce-do-apply=\"padding el-d61c76ac\"><div class=\"vce-row-container\"><div class=\"vce-row vce-row--col-gap-40 vce-row-content--top\" data-vce-full-width=\"true\" id=\"el-00ee0b70\" data-vce-do-apply=\"all el-00ee0b70\"><div class=\"vce-content-background-container\"><\/div><div class=\"vce-row-content\" data-vce-element-content=\"true\"><div class=\"vce-col vce-col--md-20p vce-col--xs-1 vce-col--xs-last vce-col--xs-first vce-col--sm-last vce-col--sm-first vce-col--md-first vce-col--lg-first vce-col--xl-first\" id=\"el-a644b128\"><div class=\"vce-col-inner\" data-vce-do-apply=\"border margin background  el-a644b128\"><div class=\"vce-col-content\" data-vce-element-content=\"true\" data-vce-do-apply=\"padding el-a644b128\"><div class=\"vce-single-image-container vce-single-image--align-left\"><div class=\"vce vce-single-image-wrapper\" id=\"el-5368d7fd\" data-vce-do-apply=\"all el-5368d7fd\"><figure><a href=\"https:\/\/music.apple.com\/br\/album\/v%C3%ADrus-single\/1577269842\" title=\"\" target=\"_blank\" class=\"vce-single-image-inner vce-single-image--absolute\" style=\"padding-bottom: 102.308%; width: 130px;\" rel=\"noopener\"><img decoding=\"async\" class=\"vce-single-image \"  width=\"130\" height=\"133\"  src=\"https:\/\/laurafinocchiaro.com.br\/site\/wp-content\/uploads\/2018\/03\/apple.png\"  data-img-src=\"https:\/\/laurafinocchiaro.com.br\/site\/wp-content\/uploads\/2018\/03\/apple.png\" alt=\"\" title=\"apple\" \/><noscript>\n        <img decoding=\"async\" class=\"vce-single-image\" src=\"https:\/\/laurafinocchiaro.com.br\/site\/wp-content\/uploads\/2018\/03\/apple.png\" width=\"130\" height=\"133\" alt=\"\" title=\"apple\" \/>\n      <\/noscript><\/a><figcaption hidden=\"\"><\/figcaption><\/figure><\/div><\/div><\/div><\/div><\/div><div class=\"vce-col vce-col--md-20p vce-col--xs-1 vce-col--xs-last vce-col--xs-first vce-col--sm-last vce-col--sm-first\" id=\"el-e022aab8\"><div class=\"vce-col-inner\" data-vce-do-apply=\"border margin background  el-e022aab8\"><div class=\"vce-col-content\" data-vce-element-content=\"true\" data-vce-do-apply=\"padding el-e022aab8\"><div class=\"vce-single-image-container vce-single-image--align-center\"><div class=\"vce vce-single-image-wrapper\" id=\"el-e3372f04\" data-vce-do-apply=\"all el-e3372f04\"><figure><a href=\"https:\/\/open.spotify.com\/album\/1pjVq83wDD6snKBx335W9K\" title=\"\" target=\"_blank\" class=\"vce-single-image-inner vce-single-image--absolute\" style=\"padding-bottom: 102.308%; width: 130px;\" rel=\"noopener\"><img decoding=\"async\" class=\"vce-single-image \"  width=\"130\" height=\"133\"  src=\"https:\/\/laurafinocchiaro.com.br\/site\/wp-content\/uploads\/2018\/03\/sporfy.png\"  data-img-src=\"https:\/\/laurafinocchiaro.com.br\/site\/wp-content\/uploads\/2018\/03\/sporfy.png\" alt=\"\" title=\"sporfy\" \/><noscript>\n        <img loading=\"lazy\" decoding=\"async\" class=\"vce-single-image\" src=\"https:\/\/laurafinocchiaro.com.br\/site\/wp-content\/uploads\/2018\/03\/sporfy.png\" width=\"130\" height=\"133\" alt=\"\" title=\"sporfy\" \/>\n      <\/noscript><\/a><figcaption hidden=\"\"><\/figcaption><\/figure><\/div><\/div><\/div><\/div><\/div><div class=\"vce-col vce-col--md-20p vce-col--xs-1 vce-col--xs-last vce-col--xs-first vce-col--sm-last vce-col--sm-first vce-col--md-last vce-col--lg-last vce-col--xl-last\" id=\"el-cb0567dd\"><div class=\"vce-col-inner\" data-vce-do-apply=\"border margin background  el-cb0567dd\"><div class=\"vce-col-content\" data-vce-element-content=\"true\" data-vce-do-apply=\"padding el-cb0567dd\"><div class=\"vce-single-image-container vce-single-image--align-left\"><div class=\"vce vce-single-image-wrapper\" id=\"el-f950d2ee\" data-vce-do-apply=\"all el-f950d2ee\"><figure><a href=\"https:\/\/www.deezer.com\/br\/artist\/1263532\" title=\"\" target=\"_blank\" class=\"vce-single-image-inner vce-single-image--absolute\" style=\"padding-bottom: 102.308%; width: 130px;\" rel=\"noopener\"><img loading=\"lazy\" decoding=\"async\" class=\"vce-single-image \"  width=\"130\" height=\"133\"  src=\"https:\/\/laurafinocchiaro.com.br\/site\/wp-content\/uploads\/2018\/03\/deezer.png\"  data-img-src=\"https:\/\/laurafinocchiaro.com.br\/site\/wp-content\/uploads\/2018\/03\/deezer.png\" alt=\"\" title=\"deezer\" \/><noscript>\n        <img loading=\"lazy\" decoding=\"async\" class=\"vce-single-image\" src=\"https:\/\/laurafinocchiaro.com.br\/site\/wp-content\/uploads\/2018\/03\/deezer.png\" width=\"130\" height=\"133\" alt=\"\" title=\"deezer\" \/>\n      <\/noscript><\/a><figcaption hidden=\"\"><\/figcaption><\/figure><\/div><\/div><\/div><\/div><\/div><\/div><\/div><\/div><\/div><\/div><\/div><\/div><\/div><\/div><\/div><\/div><\/div><\/div><\/div><\/div>\n<p><\/p>","protected":false},"excerpt":{"rendered":"<p>PARA O V\u00cdRUS, VACINA NO BRA\u00c7O PARA A LUTA, ROCK\u2019N\u2019ROLL NA VEIA V\u00cdRUS? O DA INDIGNA\u00c7\u00c3O V\u00edrus. Coronav\u00edrus. Doen\u00e7a. Mais de meio milh\u00e3o de mortes. Sequelas. Fake News. Dor. Vacina\u00e7\u00e3o avan\u00e7ando lentamente. Variantes se propagando rapidamente. CPI, corrup\u00e7\u00e3o. Aglomera\u00e7\u00f5es. Festas clandestinas. Gente sem m\u00e1scara. Transporte p\u00fablico lotado. Indiferen\u00e7a. Genocida. Indigna\u00e7\u00e3o. [&hellip;]<\/p>\n","protected":false},"author":6,"featured_media":0,"parent":0,"menu_order":0,"comment_status":"closed","ping_status":"closed","template":"","meta":{"footnotes":""},"class_list":["post-4338","page","type-page","status-publish","hentry"],"_links":{"self":[{"href":"https:\/\/laurafinocchiaro.com.br\/site\/wp-json\/wp\/v2\/pages\/4338","targetHints":{"allow":["GET"]}}],"collection":[{"href":"https:\/\/laurafinocchiaro.com.br\/site\/wp-json\/wp\/v2\/pages"}],"about":[{"href":"https:\/\/laurafinocchiaro.com.br\/site\/wp-json\/wp\/v2\/types\/page"}],"author":[{"embeddable":true,"href":"https:\/\/laurafinocchiaro.com.br\/site\/wp-json\/wp\/v2\/users\/6"}],"replies":[{"embeddable":true,"href":"https:\/\/laurafinocchiaro.com.br\/site\/wp-json\/wp\/v2\/comments?post=4338"}],"version-history":[{"count":4,"href":"https:\/\/laurafinocchiaro.com.br\/site\/wp-json\/wp\/v2\/pages\/4338\/revisions"}],"predecessor-version":[{"id":4345,"href":"https:\/\/laurafinocchiaro.com.br\/site\/wp-json\/wp\/v2\/pages\/4338\/revisions\/4345"}],"wp:attachment":[{"href":"https:\/\/laurafinocchiaro.com.br\/site\/wp-json\/wp\/v2\/media?parent=4338"}],"curies":[{"name":"wp","href":"https:\/\/api.w.org\/{rel}","templated":true}]}}