{"id":3642,"date":"2021-07-04T20:13:47","date_gmt":"2021-07-04T20:13:47","guid":{"rendered":"http:\/\/laurafinocchiaro.com.br\/site\/?page_id=3642"},"modified":"2021-07-13T22:05:52","modified_gmt":"2021-07-13T22:05:52","slug":"a-vagar-2","status":"publish","type":"page","link":"https:\/\/laurafinocchiaro.com.br\/site\/a-vagar-2\/","title":{"rendered":"A vagar"},"content":{"rendered":"<div class=\"vce-row-container\"><div class=\"vce-row vce-row--col-gap-30 vce-row-content--top\" data-vce-full-width=\"true\" id=\"el-f25d7fc0\" data-vce-do-apply=\"all el-f25d7fc0\"><div class=\"vce-content-background-container\"><\/div><div class=\"vce-row-content\" data-vce-element-content=\"true\"><div class=\"vce-col vce-col--md-100p vce-col--xs-1 vce-col--xs-last vce-col--xs-first vce-col--sm-last vce-col--sm-first vce-col--md-last vce-col--lg-last vce-col--xl-last vce-col--md-first vce-col--lg-first vce-col--xl-first\" id=\"el-307edc8d\"><div class=\"vce-col-inner\" data-vce-do-apply=\"border margin background  el-307edc8d\"><div class=\"vce-content-background-container\"><\/div><div class=\"vce-col-content\" data-vce-element-content=\"true\" data-vce-do-apply=\"padding el-307edc8d\"><div class=\"vce vce-separator-container vce-separator--align-center vce-separator--style-solid\" id=\"el-b03ac2f0\" data-vce-do-apply=\"margin el-b03ac2f0\"><div class=\"vce-separator vce-separator--color-bfc0c1 vce-separator--width-100 vce-separator--thickness-1\" data-vce-do-apply=\"border padding background  el-b03ac2f0\"><\/div><\/div><div class=\"vce-yt-video-player vce-yt-video-player--align-center vce-yt-video-player--size-853x480\"><div class=\"vce vce-yt-video-player-wrapper\" id=\"el-3c33e066\" style=\"width: 853px;\" data-vce-do-apply=\"all el-3c33e066\"><div class=\"vce-yt-video-player-inner\"><iframe class=\"vce-yt-video-player-iframe\" src=\"https:\/\/www.youtube.com\/embed\/1iAmmwuNwtk?autoplay=0&amp;mute=0&amp;color=red&amp;controls=1&amp;loop=0&amp;rel=0&amp;start=0&amp;cc_load_policy=0&amp;iv_load_policy=3\" allowfullscreen=\"\" width=\"640\" height=\"390\"><\/iframe><\/div><\/div><\/div><div class=\"vce-text-block\"><div class=\"vce-text-block-wrapper vce\" id=\"el-35f7c531\" data-vce-do-apply=\"all el-35f7c531\"><p>Laura Finocchiaro lan\u00e7a novo single e celebra o poeta Jorge Salom\u00e3o<br>O single far\u00e1 parte de um novo \u00e1lbum da cantora, com previs\u00e3o de lan\u00e7amento no segundo semestre. O novo projeto musical est\u00e1 sendo produzido em home studio, onde Laura assina a produ\u00e7\u00e3o musical, al\u00e9m de escrever os arranjos, produzir as bases, cantar, tocar e gravar todos os instrumentos eletr\u00f4nicos e ac\u00fasticos. \u201cSer artista independente no Brasil \u00e9 uma forma de resist\u00eancia. N\u00e3o h\u00e1 pol\u00edticas p\u00fablicas que nos contemple\u201d.<br><br><span style=\"font-size: 24pt;\">Sobre a Produ\u00e7\u00e3o do Single \"A Vagar\":<\/span><\/p><p>A capa do single foi criada e doada pela artista pl\u00e1stica Ana Dur\u00e3es, nascida em Diamantina, Minas Gerais, que mistura o pop com o barroco em sua obra com identidade pr\u00f3pria, sempre ligada \u00e0s quest\u00f5es sociais. \u201cAna Dur\u00e3es, traduz e transforma em obra de arte pl\u00e1stica, a can\u00e7\u00e3o que apresenta um ser sem rumo, em um pa\u00eds que tornou esse ser invis\u00edvel pela brutalidade das cidades\u201d, diz Laura. <br>A mixagem da faixa foi feita pelo carioca Francisco Patr\u00edcio, e a masteriza\u00e7\u00e3o final, assinada por um dos mais conceituados masterizadores do Brasil, Carlos Freitas, da Classic Master, agora sediada em Miami, nos Estados Unidos.<\/p><p><span style=\"font-size: 24pt;\">Sobre o <\/span><br><span style=\"font-size: 24pt;\">Videoclipe \u201cA Vagar\u201d:<\/span><\/p><p>Para esse projeto foi produzido um videoclipe que vai entrar nas redes sociais no mesmo dia 01 de maio, realizado tamb\u00e9m de forma independente e de forma remota. Seguindo as condi\u00e7\u00f5es adversas do distanciamento social, Laura gravou todas as imagens em seu celular, e reunir\u00e1 fotos do poeta baiano, cedidas por diversos amigos. A edi\u00e7\u00e3o e finaliza\u00e7\u00e3o do videoclipe \u00e9 assinada pela Produtora Audiovisual e Cultural \"Le Candee\", situada na Cidade de Itagua\u00ed, Rio de Janeiro, que valoriza artistas independentes com seus trabalhos autorais atrav\u00e9s de seus projetos Le Candee Sessions, no Youtube e evento Le Candee Sunset.<\/p><\/div><\/div><\/div><\/div><\/div><\/div><\/div><\/div><div class=\"vce-row-container\"><div class=\"vce-row vce-row--col-gap-30 vce-row-equal-height vce-row-content--top\" data-vce-full-width=\"true\" id=\"el-ab209040\" data-vce-do-apply=\"all el-ab209040\"><div class=\"vce-content-background-container\"><\/div><div class=\"vce-row-content\" data-vce-element-content=\"true\"><div class=\"vce-col vce-col--md-auto vce-col--xs-1 vce-col--xs-last vce-col--xs-first vce-col--sm-last vce-col--sm-first vce-col--md-last vce-col--lg-last vce-col--xl-last vce-col--md-first vce-col--lg-first vce-col--xl-first\" id=\"el-76830d3a\"><div class=\"vce-col-inner\" data-vce-do-apply=\"border margin background  el-76830d3a\"><div class=\"vce-content-background-container\"><\/div><div class=\"vce-col-content\" data-vce-element-content=\"true\" data-vce-do-apply=\"padding el-76830d3a\"><div class=\"vce-row-container\"><div class=\"vce-row vce-row--col-gap-30 vce-row-equal-height vce-row-content--top\" data-vce-full-width=\"true\" id=\"el-348a854b\" data-vce-do-apply=\"all el-348a854b\"><div class=\"vce-content-background-container\"><\/div><div class=\"vce-row-content\" data-vce-element-content=\"true\"><div class=\"vce-col vce-col--md-auto vce-col--xs-1 vce-col--xs-last vce-col--xs-first vce-col--sm-last vce-col--sm-first vce-col--md-last vce-col--lg-last vce-col--xl-last vce-col--md-first vce-col--lg-first vce-col--xl-first\" id=\"el-ced74983\"><div class=\"vce-col-inner\" data-vce-do-apply=\"border margin background  el-ced74983\"><div class=\"vce-col-content\" data-vce-element-content=\"true\" data-vce-do-apply=\"padding el-ced74983\"><div class=\"vce-row-container\"><div class=\"vce-row vce-row--col-gap-40 vce-row-content--top vcv-state--show-resizer\" data-vce-full-width=\"true\" id=\"el-c4b63589\" data-vce-do-apply=\"all el-c4b63589\"><div class=\"vce-content-background-container\"><\/div><div class=\"vce-row-content\" data-vce-element-content=\"true\"><div class=\"vce-col vce-col--md-20p vce-col--xs-1 vce-col--xs-last vce-col--xs-first vce-col--sm-last vce-col--sm-first vce-col--md-first vce-col--lg-first vce-col--xl-first\" id=\"el-6331e27f\"><div class=\"vce-col-inner\" data-vce-do-apply=\"border margin background  el-6331e27f\"><div class=\"vce-col-content\" data-vce-element-content=\"true\" data-vce-do-apply=\"padding el-6331e27f\"><div class=\"vce-single-image-container vce-single-image--align-left\"><div class=\"vce vce-single-image-wrapper\" id=\"el-a451b789\" data-vce-do-apply=\"all el-a451b789\"><figure><a href=\"https:\/\/music.apple.com\/br\/album\/a-vagar-single\/1509968785\" title=\"\" target=\"_blank\" class=\"vce-single-image-inner vce-single-image--absolute\" style=\"padding-bottom: 102.308%; width: 130px;\" rel=\"noopener\"><img decoding=\"async\" class=\"vce-single-image \"  width=\"130\" height=\"133\"  src=\"https:\/\/laurafinocchiaro.com.br\/site\/wp-content\/uploads\/2018\/03\/apple.png\"  data-img-src=\"https:\/\/laurafinocchiaro.com.br\/site\/wp-content\/uploads\/2018\/03\/apple.png\" alt=\"\" title=\"apple\" \/><noscript>\n        <img decoding=\"async\" class=\"vce-single-image\" src=\"https:\/\/laurafinocchiaro.com.br\/site\/wp-content\/uploads\/2018\/03\/apple.png\" width=\"130\" height=\"133\" alt=\"\" title=\"apple\" \/>\n      <\/noscript><\/a><figcaption hidden=\"\"><\/figcaption><\/figure><\/div><\/div><\/div><\/div><\/div><div class=\"vce-col vce-col--md-20p vce-col--xs-1 vce-col--xs-last vce-col--xs-first vce-col--sm-last vce-col--sm-first\" id=\"el-d3837fb4\"><div class=\"vce-col-inner\" data-vce-do-apply=\"border margin background  el-d3837fb4\"><div class=\"vce-col-content\" data-vce-element-content=\"true\" data-vce-do-apply=\"padding el-d3837fb4\"><div class=\"vce-single-image-container vce-single-image--align-center\"><div class=\"vce vce-single-image-wrapper\" id=\"el-54c90136\" data-vce-do-apply=\"all el-54c90136\"><figure><a href=\"https:\/\/open.spotify.com\/album\/2INs7UNnqh4fmgqT284S7a\" title=\"\" target=\"_blank\" class=\"vce-single-image-inner vce-single-image--absolute\" style=\"padding-bottom: 102.308%; width: 130px;\" rel=\"noopener\"><img decoding=\"async\" class=\"vce-single-image \"  width=\"130\" height=\"133\"  src=\"https:\/\/laurafinocchiaro.com.br\/site\/wp-content\/uploads\/2018\/03\/sporfy.png\"  data-img-src=\"https:\/\/laurafinocchiaro.com.br\/site\/wp-content\/uploads\/2018\/03\/sporfy.png\" alt=\"\" title=\"sporfy\" \/><noscript>\n        <img loading=\"lazy\" decoding=\"async\" class=\"vce-single-image\" src=\"https:\/\/laurafinocchiaro.com.br\/site\/wp-content\/uploads\/2018\/03\/sporfy.png\" width=\"130\" height=\"133\" alt=\"\" title=\"sporfy\" \/>\n      <\/noscript><\/a><figcaption hidden=\"\"><\/figcaption><\/figure><\/div><\/div><\/div><\/div><\/div><div class=\"vce-col vce-col--md-20p vce-col--xs-1 vce-col--xs-last vce-col--xs-first vce-col--sm-last vce-col--sm-first vce-col--md-last vce-col--lg-last vce-col--xl-last\" id=\"el-b5448890\"><div class=\"vce-col-inner\" data-vce-do-apply=\"border margin background  el-b5448890\"><div class=\"vce-col-content\" data-vce-element-content=\"true\" data-vce-do-apply=\"padding el-b5448890\"><div class=\"vce-single-image-container vce-single-image--align-left\"><div class=\"vce vce-single-image-wrapper\" id=\"el-e0f34c43\" data-vce-do-apply=\"all el-e0f34c43\"><figure><a href=\"https:\/\/www.deezer.com\/br\/album\/144364822\" title=\"\" target=\"_blank\" class=\"vce-single-image-inner vce-single-image--absolute\" style=\"padding-bottom: 102.308%; width: 130px;\" rel=\"noopener\"><img loading=\"lazy\" decoding=\"async\" class=\"vce-single-image \"  width=\"130\" height=\"133\"  src=\"https:\/\/laurafinocchiaro.com.br\/site\/wp-content\/uploads\/2018\/03\/deezer.png\"  data-img-src=\"https:\/\/laurafinocchiaro.com.br\/site\/wp-content\/uploads\/2018\/03\/deezer.png\" alt=\"\" title=\"deezer\" \/><noscript>\n        <img loading=\"lazy\" decoding=\"async\" class=\"vce-single-image\" src=\"https:\/\/laurafinocchiaro.com.br\/site\/wp-content\/uploads\/2018\/03\/deezer.png\" width=\"130\" height=\"133\" alt=\"\" title=\"deezer\" \/>\n      <\/noscript><\/a><figcaption hidden=\"\"><\/figcaption><\/figure><\/div><\/div><\/div><\/div><\/div><\/div><\/div><\/div><\/div><\/div><\/div><\/div><\/div><\/div><\/div><\/div><\/div><\/div><\/div><\/div>\n<p><\/p>","protected":false},"excerpt":{"rendered":"<p>Laura Finocchiaro lan\u00e7a novo single e celebra o poeta Jorge Salom\u00e3oO single far\u00e1 parte de um novo \u00e1lbum da cantora, com previs\u00e3o de lan\u00e7amento no segundo semestre. O novo projeto musical est\u00e1 sendo produzido em home studio, onde Laura assina a produ\u00e7\u00e3o musical, al\u00e9m de escrever os arranjos, produzir as [&hellip;]<\/p>\n","protected":false},"author":6,"featured_media":0,"parent":0,"menu_order":0,"comment_status":"closed","ping_status":"closed","template":"","meta":{"footnotes":""},"class_list":["post-3642","page","type-page","status-publish","hentry"],"_links":{"self":[{"href":"https:\/\/laurafinocchiaro.com.br\/site\/wp-json\/wp\/v2\/pages\/3642","targetHints":{"allow":["GET"]}}],"collection":[{"href":"https:\/\/laurafinocchiaro.com.br\/site\/wp-json\/wp\/v2\/pages"}],"about":[{"href":"https:\/\/laurafinocchiaro.com.br\/site\/wp-json\/wp\/v2\/types\/page"}],"author":[{"embeddable":true,"href":"https:\/\/laurafinocchiaro.com.br\/site\/wp-json\/wp\/v2\/users\/6"}],"replies":[{"embeddable":true,"href":"https:\/\/laurafinocchiaro.com.br\/site\/wp-json\/wp\/v2\/comments?post=3642"}],"version-history":[{"count":5,"href":"https:\/\/laurafinocchiaro.com.br\/site\/wp-json\/wp\/v2\/pages\/3642\/revisions"}],"predecessor-version":[{"id":3839,"href":"https:\/\/laurafinocchiaro.com.br\/site\/wp-json\/wp\/v2\/pages\/3642\/revisions\/3839"}],"wp:attachment":[{"href":"https:\/\/laurafinocchiaro.com.br\/site\/wp-json\/wp\/v2\/media?parent=3642"}],"curies":[{"name":"wp","href":"https:\/\/api.w.org\/{rel}","templated":true}]}}